{"id":6727,"date":"2016-02-29T13:15:39","date_gmt":"2016-02-29T12:15:39","guid":{"rendered":"https:\/\/rouquette.com\/?page_id=6727"},"modified":"2018-03-28T13:27:13","modified_gmt":"2018-03-28T12:27:13","slug":"televente","status":"publish","type":"page","link":"https:\/\/rouquette.com\/?page_id=6727","title":{"rendered":"T\u00e9l\u00e9vente"},"content":{"rendered":"<p>[vc_row section_type=&#8221;fullwidth-element&#8221; flex_height=&#8221;yes&#8221; header_feature=&#8221;yes&#8221; footer_feature=&#8221;yes&#8221; margin_bottom=&#8221;0&#8243;][vc_column width=&#8221;1\/2&#8243; tablet_width=&#8221;1-3&#8243; tablet_sm_width=&#8221;1&#8243; css=&#8221;.vc_custom_1456844435724{background-position: center !important;background-repeat: no-repeat !important;background-size: cover !important;}&#8221;]<div class=\"eut-element eut-image eut-align-left\" style=\"\"><img loading=\"lazy\" decoding=\"async\" width=\"1120\" height=\"1120\" src=\"https:\/\/rouquette.com\/wp-content\/uploads\/2016\/02\/t\u00e9l\u00e9vente.jpg\" class=\"attachment-full size-full\" alt=\"Service t\u00e9l\u00e9vente\" srcset=\"https:\/\/rouquette.com\/wp-content\/uploads\/2016\/02\/t\u00e9l\u00e9vente.jpg 1x,https:\/\/rouquette.com\/wp-content\/uploads\/2016\/02\/t\u00e9l\u00e9vente.jpg 2x\" \/><\/div>[\/vc_column][vc_column width=&#8221;1\/2&#8243; tablet_width=&#8221;2-3&#8243; tablet_sm_width=&#8221;1&#8243; css=&#8221;.vc_custom_1462267540544{padding-top: 12% !important;padding-right: 15% !important;padding-bottom: 12% !important;padding-left: 15% !important;background-color: #313340 !important;}&#8221; el_class=&#8221;text-light&#8221;][vc_column_text animation=&#8221;fadeInUp&#8221; animation_delay=&#8221;400&#8243;]<\/p>\n<h1>La t\u00e9l\u00e9vente<\/h1>\n<p>Nos t\u00e9l\u00e9vendeuses sont \u00e0 votre \u00e9coute le lundi de 8 h \u00e0 16 h et du mardi au vendredi de 8 h \u00e0 17 h.[\/vc_column_text]<div class=\"eut-element eut-hr \" style=\"\"><div class=\"eut-line-divider\"><\/div><\/div>[vc_column_text animation=&#8221;fadeInUp&#8221; animation_delay=&#8221;900&#8243;]Toutes vos commandes sont trait\u00e9es en J+1 afin de vous garantir le meilleur des services.[\/vc_column_text]<div class=\"eut-element eut-hr \" style=\"\"><div class=\"eut-line-divider\"><\/div><\/div>[vc_column_text animation=&#8221;fadeInUp&#8221; animation_delay=&#8221;1000&#8243;]Des offres promotionnelles vous sont propos\u00e9es tous les mois, n&#8217;h\u00e9sitez pas \u00e0 demander \u00e0 votre t\u00e9l\u00e9vendeuse pour en savoir plus.[\/vc_column_text][\/vc_column][\/vc_row]<\/p>\n","protected":false},"excerpt":{"rendered":"<p>[vc_row section_type=&#8221;fullwidth-element&#8221; flex_height=&#8221;yes&#8221; header_feature=&#8221;yes&#8221; footer_feature=&#8221;yes&#8221; margin_bottom=&#8221;0&#8243;][vc_column width=&#8221;1\/2&#8243; tablet_width=&#8221;1-3&#8243; tablet_sm_width=&#8221;1&#8243; css=&#8221;.vc_custom_1456844435724{background-position: center !important;background-repeat: no-repeat !important;background-size: cover !important;}&#8221;][\/vc_column][vc_column width=&#8221;1\/2&#8243; tablet_width=&#8221;2-3&#8243; tablet_sm_width=&#8221;1&#8243; css=&#8221;.vc_custom_1462267540544{padding-top: 12% !important;padding-right: 15% !important;padding-bottom: 12% !important;padding-left: 15% !important;background-color: #313340 !important;}&#8221; el_class=&#8221;text-light&#8221;][vc_column_text animation=&#8221;fadeInUp&#8221; animation_delay=&#8221;400&#8243;] La t\u00e9l\u00e9vente Nos t\u00e9l\u00e9vendeuses sont \u00e0 votre \u00e9coute le lundi de 8 h \u00e0 16 h et du mardi au vendredi de [&hellip;]<\/p>\n","protected":false},"author":1,"featured_media":0,"parent":6711,"menu_order":0,"comment_status":"closed","ping_status":"closed","template":"","meta":{"footnotes":""},"_links":{"self":[{"href":"https:\/\/rouquette.com\/index.php?rest_route=\/wp\/v2\/pages\/6727"}],"collection":[{"href":"https:\/\/rouquette.com\/index.php?rest_route=\/wp\/v2\/pages"}],"about":[{"href":"https:\/\/rouquette.com\/index.php?rest_route=\/wp\/v2\/types\/page"}],"author":[{"embeddable":true,"href":"https:\/\/rouquette.com\/index.php?rest_route=\/wp\/v2\/users\/1"}],"replies":[{"embeddable":true,"href":"https:\/\/rouquette.com\/index.php?rest_route=%2Fwp%2Fv2%2Fcomments&post=6727"}],"version-history":[{"count":20,"href":"https:\/\/rouquette.com\/index.php?rest_route=\/wp\/v2\/pages\/6727\/revisions"}],"predecessor-version":[{"id":7177,"href":"https:\/\/rouquette.com\/index.php?rest_route=\/wp\/v2\/pages\/6727\/revisions\/7177"}],"up":[{"embeddable":true,"href":"https:\/\/rouquette.com\/index.php?rest_route=\/wp\/v2\/pages\/6711"}],"wp:attachment":[{"href":"https:\/\/rouquette.com\/index.php?rest_route=%2Fwp%2Fv2%2Fmedia&parent=6727"}],"curies":[{"name":"wp","href":"https:\/\/api.w.org\/{rel}","templated":true}]}}